{"id":7,"date":"2022-07-09T23:09:31","date_gmt":"2022-07-09T23:09:31","guid":{"rendered":"https:\/\/aumueller.denkanross.dev\/?page_id=7"},"modified":"2022-07-29T12:08:04","modified_gmt":"2022-07-29T12:08:04","slug":"home","status":"publish","type":"page","link":"https:\/\/aumueller.denkanross.dev\/","title":{"rendered":"Home"},"content":{"rendered":"\n<div class=\"wp-block-cover alignfull is-light hero-header\" style=\"min-height:100vh\"><span aria-hidden=\"true\" class=\"wp-block-cover__background has-background-dim-40 has-background-dim\"><\/span><img loading=\"lazy\" decoding=\"async\" width=\"1920\" height=\"968\" class=\"wp-block-cover__image-background wp-image-9\" alt=\"\" src=\"https:\/\/aumueller.denkanross.dev\/wp-content\/uploads\/2022\/07\/nina_skripietz_fotografie_Frederik_Aumueller-11-Bearbeitet-1.jpg\" style=\"object-position:51% 0%\" data-object-fit=\"cover\" data-object-position=\"51% 0%\" srcset=\"https:\/\/aumueller.denkanross.dev\/wp-content\/uploads\/2022\/07\/nina_skripietz_fotografie_Frederik_Aumueller-11-Bearbeitet-1.jpg 1920w, https:\/\/aumueller.denkanross.dev\/wp-content\/uploads\/2022\/07\/nina_skripietz_fotografie_Frederik_Aumueller-11-Bearbeitet-1-300x151.jpg 300w, https:\/\/aumueller.denkanross.dev\/wp-content\/uploads\/2022\/07\/nina_skripietz_fotografie_Frederik_Aumueller-11-Bearbeitet-1-1024x516.jpg 1024w, https:\/\/aumueller.denkanross.dev\/wp-content\/uploads\/2022\/07\/nina_skripietz_fotografie_Frederik_Aumueller-11-Bearbeitet-1-768x387.jpg 768w, https:\/\/aumueller.denkanross.dev\/wp-content\/uploads\/2022\/07\/nina_skripietz_fotografie_Frederik_Aumueller-11-Bearbeitet-1-1536x774.jpg 1536w\" sizes=\"auto, (max-width: 1920px) 100vw, 1920px\" \/><div class=\"wp-block-cover__inner-container\">\n<p class=\"has-text-align-left has-white-color has-text-color\">Frederik Aum\u00fcller<\/p>\n\n\n\n<h1 class=\"has-white-color has-text-color\">Facharzt f\u00fcr Innere Medizin<br>und Diabetologie<\/h1>\n<\/div><\/div>\n\n\n\n<div class=\"is-layout-flow wp-block-group\">\n<h2 class=\"has-text-align-center\">Herzlich Willkommen in der Hausarzt-<br>und Diabetespraxis Fritzlar<\/h2>\n\n\n\n<p class=\"has-text-align-center\">Als Hausarztpraxis mit internistischem und diabetologischem Schwerpunkt sind wir die erste Anlaufstelle f\u00fcr Ihre Gesundheit. Ob akute Beschwerden, chronische Erkrankung, Krankmeldungen oder Gesundheitsvorsorge \u2013 wir k\u00fcmmern uns um Ihre Gesundheit. Bei Bedarf \u00fcberweisen wir Sie zu FachspezialistInnen unseres Vertrauens.Seit Juli 2020 versorgen wir unsere Patientinnen und Patienten auch als von der Kassen\u00e4rztlichen Vereinigung Hessen anerkannte&nbsp;<strong>Diabetologische Schwerpunktpraxis&nbsp;<\/strong>mit allen Formen des Diabetes Mellitus und bieten diverse Schulungen mit Insulin und ohne Insulin an. Wir unterst\u00fctzen Sie u.a. auch bei der Versorgung mit Insulinpumpen sowie CGM Sensoren. Schwangerschaftsdiabetes f\u00e4llt ebenso in unser Leistungsspektrum wie die Versorgung des diabetischen Fu\u00dfsyndroms.<\/p>\n\n\n\n<p class=\"has-text-align-center\">Wir verfolgen einen umfassenden-medizinischen Ansatz und k\u00fcmmern uns darum, dass wir f\u00fcr Ihre gesundheitlichen Beschwerden gemeinsam die beste L\u00f6sung finden.<\/p>\n\n\n\n<p class=\"has-text-align-center\">Seit dem 01.01.2022 finden sie uns im Blaum\u00fchleng\u00e4\u00dfchen 1.&nbsp;<\/p>\n\n\n\n<div class=\"is-content-justification-center is-layout-flex wp-container-2 wp-block-buttons\">\n<div class=\"wp-block-button is-style-outline is-style-outline--1\"><a class=\"wp-block-button__link wp-element-button\" href=\"https:\/\/aumueller.denkanross.dev\/index.php\/unser-team\/\">Unser Team<\/a><\/div>\n<\/div>\n<\/div>\n\n\n\n<div class=\"is-layout-constrained wp-block-group alignfull has-secondary-background-color has-background\">\n<h2 class=\"has-text-align-center\"><strong>Corona (Covid-19)<\/strong><\/h2>\n\n\n\n<p>Als Haus\u00e4rzte sind wir auch in dieser herausfordernden Zeit f\u00fcr Sie da. Wir testen, impfen und k\u00fcmmern uns langfristig um Ihre Gesundheit in Bezug auf Corona.<\/p>\n\n\n\n<p><strong class=\"\">Wichtig bei Corona-Verdacht:&nbsp;<\/strong>Sie wurden positiv auf Corona getestet oder haben Erk\u00e4ltungssymptome? Dann kommen Sie bitte nicht unangemeldet in die Praxis, sondern nehmen Sie bitte vorher telefonisch oder per E-Mail Kontakt mit uns auf. Wir werden mit Ihnen das weitere Vorgehen besprechen.<\/p>\n\n\n\n<p>Bitte beachten Sie die Hygienema\u00dfnahmen beim Betreten der Praxis. Achten Sie auf Ihre Handhygiene, tragen Sie einen Mundschutz und halten Sie, sofern m\u00f6glich, die Abstandsregeln ein.<\/p>\n<\/div>\n\n\n\n<div class=\"is-layout-flow wp-block-group alignfull\">\n<div class=\"is-layout-flex wp-container-8 wp-block-columns is-style-contact\">\n<div class=\"is-layout-flow wp-block-column has-white-color has-primary-background-color has-text-color has-background\" style=\"border-bottom-color:var(--wp--preset--color--yellow);border-bottom-width:10px\">\n<figure class=\"wp-block-image aligncenter size-full\"><img loading=\"lazy\" decoding=\"async\" width=\"54\" height=\"90\" src=\"https:\/\/aumueller.denkanross.dev\/wp-content\/uploads\/2022\/07\/icon-handy-weiss.png\" alt=\"\" class=\"wp-image-31\"\/><\/figure>\n\n\n\n<h3 class=\"has-text-align-center\">Termine<\/h3>\n\n\n\n<p class=\"has-text-align-center h1\">05622 409 1100<\/p>\n\n\n\n<p class=\"has-text-align-center\">Nutzen Sie auch gern unseren R\u00fcckrufservice<\/p>\n<\/div>\n\n\n\n<div class=\"is-layout-flow wp-block-column has-white-color has-primary-background-color has-text-color has-background\" style=\"border-bottom-color:var(--wp--preset--color--brown);border-bottom-width:10px\">\n<figure class=\"wp-block-image aligncenter size-full\"><img loading=\"lazy\" decoding=\"async\" width=\"90\" height=\"90\" src=\"https:\/\/aumueller.denkanross.dev\/wp-content\/uploads\/2022\/07\/uhr-weiss.png\" alt=\"\" class=\"wp-image-32\"\/><\/figure>\n\n\n\n<h3 class=\"has-text-align-center\">\u00d6ffnungszeiten<\/h3>\n\n\n\n<figure class=\"wp-block-table\"><table style=\"border-style:none;border-width:0px\"><tbody><tr><td>Montag<\/td><td>7.30 &#8211; 12 &amp; 15 &#8211; 18 Uhr<\/td><\/tr><tr><td>Dienstag<\/td><td>7.30 &#8211; 12 &amp; 14 &#8211; 17 Uhr<\/td><\/tr><tr><td>Mittwoch<\/td><td>7.30 &#8211; 12 Uhr<\/td><\/tr><tr><td>Donnerstag<\/td><td>7.30 &#8211; 12 &amp; 15 &#8211; 18 Uhr<\/td><\/tr><tr><td>Freitag<\/td><td>7.30 &#8211; 13 Uhr<\/td><\/tr><\/tbody><\/table><\/figure>\n<\/div>\n\n\n\n<div class=\"is-layout-flow wp-block-column has-white-color has-primary-background-color has-text-color has-background\" style=\"border-bottom-color:var(--wp--preset--color--secondary);border-bottom-width:10px\">\n<figure class=\"wp-block-image aligncenter size-full\"><img loading=\"lazy\" decoding=\"async\" width=\"65\" height=\"90\" src=\"https:\/\/aumueller.denkanross.dev\/wp-content\/uploads\/2022\/07\/pin-weiss.png\" alt=\"\" class=\"wp-image-33\"\/><\/figure>\n\n\n\n<h3 class=\"has-text-align-center\">Praxis<\/h3>\n\n\n\n<p>Blaum\u00fchleng\u00e4\u00dfchen 1<br>34560 Fritzlar<br>Anzeige bei Google-Maps<\/p>\n<\/div>\n<\/div>\n<\/div>\n\n\n\n<div class=\"is-layout-flow wp-block-group alignwide\">\n<div class=\"wp-block-media-text alignwide is-stacked-on-mobile\"><figure class=\"wp-block-media-text__media\"><img loading=\"lazy\" decoding=\"async\" width=\"674\" height=\"444\" src=\"https:\/\/aumueller.denkanross.dev\/wp-content\/uploads\/2022\/07\/nina_skripietz_fotografie_Frederik_Aumueller-80.jpg\" alt=\"\" class=\"wp-image-109 size-full\" srcset=\"https:\/\/aumueller.denkanross.dev\/wp-content\/uploads\/2022\/07\/nina_skripietz_fotografie_Frederik_Aumueller-80.jpg 674w, https:\/\/aumueller.denkanross.dev\/wp-content\/uploads\/2022\/07\/nina_skripietz_fotografie_Frederik_Aumueller-80-300x198.jpg 300w\" sizes=\"auto, (max-width: 674px) 100vw, 674px\" \/><\/figure><div class=\"wp-block-media-text__content\">\n<p class=\"has-large-font-size\"><strong>Wir sind f\u00fcr Sie da<\/strong><\/p>\n\n\n\n<p>\u201eEin vertrauensvoller Umgang und eine enge Zusammenarbeit sind wichtige Grundlagen f\u00fcr eine gute Haus\u00e4rztliche Versorgung.\u201c<\/p>\n\n\n\n<p>Frederik Aum\u00fcller<\/p>\n<\/div><\/div>\n<\/div>\n\n\n\n<div class=\"is-layout-flow wp-block-group alignfull\" id=\"leistungen\">\n<div class=\"is-layout-flex wp-container-15 wp-block-columns\">\n<div class=\"is-layout-flow wp-block-column p-0 has-secondary-background-color has-background\">\n<h2 class=\"has-text-align-left icon-headline\">Leistungen<br>Hausarztpraxis<\/h2>\n\n\n\n<div class=\"is-layout-constrained wp-container-11 wp-block-group p-4\">\n<ul class=\"is-style-check-list\"><li>Check up \u2013 Gesundheitsuntersuchungen<\/li><li>Ultraschalldiagnostik<\/li><li>24 h Langzeit Blutdruckmessungen<\/li><li>EKG<\/li><li>Spirometrie (Lungenfunktionspr\u00fcfung)<\/li><li>Krebs-Fr\u00fcherkennungsuntersuchungen<\/li><li>DMP<\/li><li>Impfungen<\/li><li>Hausbesuche bei Stammpatienten<\/li><li>Kleine Chirurgie<\/li><li>Psychosomatische Grundversorgung<\/li><\/ul>\n<\/div>\n<\/div>\n\n\n\n<div class=\"is-layout-flow wp-block-column p-0 has-secondary-background-color has-background\">\n<h2 class=\"has-text-align-left icon-headline\">Leistungen<br>Diabetologie<\/h2>\n\n\n\n<div class=\"is-layout-constrained wp-container-13 wp-block-group p-4\">\n<ul class=\"is-style-check-list\"><li>Laborchemische Diagnostik<\/li><li>Bestimmung der Blutzuckerwerte<\/li><li>Bestimmung des HbA1c-Wertes<\/li><li>Schulungsangebote<\/li><li>Behandlung mit Glucosemesssystemen<\/li><li>Insulinpumpentherapie<\/li><li>Diabetische Polyneuropathie<\/li><li>Diabetische Folgeerkrankungen<\/li><li>Schwangeren Typ1- Diabetikerinnen<\/li><li>Diabetischer Fu\u00df<\/li><li>Individuelle Therapiekonzepte<\/li><\/ul>\n<\/div>\n<\/div>\n<\/div>\n<\/div>\n\n\n\n<div class=\"is-layout-flow wp-block-group alignwide\">\n<div class=\"wp-block-buttons is-style-termin\">\n<div class=\"wp-block-button flex-grow-1 is-style-fill\">\n    <a class=\"wp-block-button__link wp-element-button\" href=\"mailto:info@praxis-aumueller.de?subject=Rezeptbestellung\" style=\"border-radius:0px\">Rezept bestellen<\/a>\n<\/div>\t \n\n <div class=\"wp-block-button flex-grow-1\">\n    <a class=\"wp-block-button__link wp-element-button terminbuchung-trigger\" data-configid=\"3503203d-03f1-4a35-bd46-362f5f54f5b9\" style=\"border-radius:0px\">Terminbuchung Frederik Aum\u00fcller<\/a>\n<\/div>\t \n\n<div class=\"wp-block-button flex-grow-1\">\n    <a class=\"wp-block-button__link wp-element-button terminbuchung-trigger\" data-configid=\"a59a2295-2932-43f8-8051-b142add78cfe\" style=\"border-radius:0px\">Terminbuchung Peter Aum\u00fcller<\/a>\n<\/div>\t \n<\/div>\n<\/div>\n","protected":false},"excerpt":{"rendered":"<p>Herzlich Willkommen in der Hausarzt-und Diabetespraxis Fritzlar Als Hausarztpraxis mit internistischem und diabetologischem Schwerpunkt sind wir die erste Anlaufstelle f\u00fcr Ihre Gesundheit. Ob akute Beschwerden, chronische Erkrankung, Krankmeldungen oder Gesundheitsvorsorge \u2013 wir k\u00fcmmern uns um Ihre Gesundheit. Bei Bedarf \u00fcberweisen wir Sie zu FachspezialistInnen unseres Vertrauens.Seit Juli 2020 versorgen wir unsere Patientinnen und Patienten auch [&hellip;]<\/p>\n","protected":false},"author":1,"featured_media":0,"parent":0,"menu_order":0,"comment_status":"closed","ping_status":"closed","template":"","meta":{"footnotes":""},"class_list":["post-7","page","type-page","status-publish","hentry"],"acf":[],"_links":{"self":[{"href":"https:\/\/aumueller.denkanross.dev\/index.php\/wp-json\/wp\/v2\/pages\/7","targetHints":{"allow":["GET"]}}],"collection":[{"href":"https:\/\/aumueller.denkanross.dev\/index.php\/wp-json\/wp\/v2\/pages"}],"about":[{"href":"https:\/\/aumueller.denkanross.dev\/index.php\/wp-json\/wp\/v2\/types\/page"}],"author":[{"embeddable":true,"href":"https:\/\/aumueller.denkanross.dev\/index.php\/wp-json\/wp\/v2\/users\/1"}],"replies":[{"embeddable":true,"href":"https:\/\/aumueller.denkanross.dev\/index.php\/wp-json\/wp\/v2\/comments?post=7"}],"version-history":[{"count":54,"href":"https:\/\/aumueller.denkanross.dev\/index.php\/wp-json\/wp\/v2\/pages\/7\/revisions"}],"predecessor-version":[{"id":137,"href":"https:\/\/aumueller.denkanross.dev\/index.php\/wp-json\/wp\/v2\/pages\/7\/revisions\/137"}],"wp:attachment":[{"href":"https:\/\/aumueller.denkanross.dev\/index.php\/wp-json\/wp\/v2\/media?parent=7"}],"curies":[{"name":"wp","href":"https:\/\/api.w.org\/{rel}","templated":true}]}}